{"id":250,"date":"2022-04-25T09:45:46","date_gmt":"2022-04-25T09:45:46","guid":{"rendered":"https:\/\/horyzontywyobrazni.pl\/blog\/?page_id=250"},"modified":"2022-05-10T10:51:23","modified_gmt":"2022-05-10T08:51:23","slug":"jak-wyglada-nasz-dzien","status":"publish","type":"page","link":"https:\/\/horyzontywyobrazni.pl\/index.php\/edukacja-domowa\/jak-wyglada-nasz-dzien\/","title":{"rendered":"Jak wygl\u0105da nasz dzie\u0144?"},"content":{"rendered":"\n<p>Spotykamy si\u0119 w grupie maksymalnie 12-osobowej od poniedzia\u0142ku do pi\u0105tku.  Godziny nie s\u0105 \u015bci\u015ble ustalone \u2013 mo\u017cna do\u0142\u0105czy\u0107 i wyj\u015b\u0107 o dowolnej porze, ale rekomendujemy, by wszyscy byli ju\u017c na naradzie porannej, tak aby wsp\u00f3lnie zacz\u0105\u0107 dzie\u0144.<\/p>\n\n\n\n<p class=\"has-tertiary-background-color has-background\">7:30 &#8211; 9:30 &#8211; schodzenie si\u0119 dzieci, swobodne zabawy<br>9:30 &#8211; 10:00 &#8211; narada, planowanie dnia, osadzenie si\u0119 w tym co przed nami<br>10:00 &#8211; 15:30 &#8211; zaj\u0119cia, warsztaty, wyj\u015bcia na dw\u00f3r<br>15:30 &#8211; 17:00 &#8211; swobodne zabawy, wyciszanie, rozchodzenie si\u0119 do dom\u00f3w<\/p>\n\n\n\n<p>Dzieci z klas 1-3 rozwijaj\u0105 swoj\u0105 wiedz\u0119 i zainteresowania poprzez r\u00f3\u017cnorakie zaj\u0119cia z tzw. edukacji wczesnoszkolnej ze swoim opiekunem oraz w trakcie zaj\u0119\u0107 i warsztat\u00f3w prowadzonych przez innych doros\u0142ych.<br><\/p>\n\n\n\n<div class=\"wp-block-columns is-layout-flex wp-container-core-columns-is-layout-28f84493 wp-block-columns-is-layout-flex\">\n<div class=\"wp-block-column is-layout-flow wp-block-column-is-layout-flow\">\n<figure class=\"wp-block-image size-full is-style-default\"><img loading=\"lazy\" decoding=\"async\" width=\"876\" height=\"574\" src=\"http:\/\/horyzontywyobrazni.pl\/blog\/wp-content\/uploads\/2022\/05\/IMG_5623-1.jpg\" alt=\"\" class=\"wp-image-549\" srcset=\"https:\/\/horyzontywyobrazni.pl\/wp-content\/uploads\/2022\/05\/IMG_5623-1.jpg 876w, https:\/\/horyzontywyobrazni.pl\/wp-content\/uploads\/2022\/05\/IMG_5623-1-300x197.jpg 300w, https:\/\/horyzontywyobrazni.pl\/wp-content\/uploads\/2022\/05\/IMG_5623-1-768x503.jpg 768w\" sizes=\"auto, (max-width: 876px) 100vw, 876px\" \/><\/figure>\n<\/div>\n\n\n\n<div class=\"wp-block-column is-layout-flow wp-block-column-is-layout-flow\">\n<p>Du\u017c\u0105 popularno\u015bci\u0105 ciesz\u0105 si\u0119 r\u00f3wnie\u017c tzw. projekty dzieci \u2013 jest to zaplanowany czas, podczas kt\u00f3rego dzieci dziel\u0105 si\u0119 swoj\u0105 wiedz\u0105 z innymi.<\/p>\n<\/div>\n<\/div>\n\n\n\n<div class=\"wp-block-columns is-layout-flex wp-container-core-columns-is-layout-28f84493 wp-block-columns-is-layout-flex\">\n<div class=\"wp-block-column is-layout-flow wp-block-column-is-layout-flow\">\n<p>Raz w tygodniu grupa ma zaplanowany dzie\u0144 wycieczkowy, podczas kt\u00f3rego odwiedzamy instytucje, miejsca i wydarzenia z Wroc\u0142awia, a tak\u017ce ch\u0119tnie wyje\u017cd\u017camy poza nasze miasto.<\/p>\n<\/div>\n\n\n\n<div class=\"wp-block-column is-layout-flow wp-block-column-is-layout-flow\">\n<figure class=\"wp-block-image size-full is-style-default\"><img loading=\"lazy\" decoding=\"async\" width=\"960\" height=\"720\" src=\"https:\/\/horyzontywyobrazni.pl\/blog\/wp-content\/uploads\/2022\/05\/IMG_5624.jpg\" alt=\"\" class=\"wp-image-550\" srcset=\"https:\/\/horyzontywyobrazni.pl\/wp-content\/uploads\/2022\/05\/IMG_5624.jpg 960w, https:\/\/horyzontywyobrazni.pl\/wp-content\/uploads\/2022\/05\/IMG_5624-300x225.jpg 300w, https:\/\/horyzontywyobrazni.pl\/wp-content\/uploads\/2022\/05\/IMG_5624-768x576.jpg 768w\" sizes=\"auto, (max-width: 960px) 100vw, 960px\" \/><\/figure>\n<\/div>\n<\/div>\n","protected":false},"excerpt":{"rendered":"<p>Spotykamy si\u0119 w grupie maksymalnie 12-osobowej od poniedzia\u0142ku do pi\u0105tku. Godziny nie s\u0105 \u015bci\u015ble ustalone \u2013 mo\u017cna do\u0142\u0105czy\u0107 i wyj\u015b\u0107 o dowolnej porze, ale rekomendujemy, by wszyscy byli ju\u017c na naradzie porannej, tak aby wsp\u00f3lnie zacz\u0105\u0107 dzie\u0144. 7:30 &#8211; 9:30 &#8211; schodzenie si\u0119 dzieci, swobodne zabawy9:30 &#8211; 10:00 &#8211; narada, planowanie dnia, osadzenie si\u0119 w [&hellip;]<\/p>\n","protected":false},"author":2,"featured_media":0,"parent":21,"menu_order":2,"comment_status":"closed","ping_status":"closed","template":"","meta":{"footnotes":""},"class_list":["post-250","page","type-page","status-publish","hentry"],"_links":{"self":[{"href":"https:\/\/horyzontywyobrazni.pl\/index.php\/wp-json\/wp\/v2\/pages\/250","targetHints":{"allow":["GET"]}}],"collection":[{"href":"https:\/\/horyzontywyobrazni.pl\/index.php\/wp-json\/wp\/v2\/pages"}],"about":[{"href":"https:\/\/horyzontywyobrazni.pl\/index.php\/wp-json\/wp\/v2\/types\/page"}],"author":[{"embeddable":true,"href":"https:\/\/horyzontywyobrazni.pl\/index.php\/wp-json\/wp\/v2\/users\/2"}],"replies":[{"embeddable":true,"href":"https:\/\/horyzontywyobrazni.pl\/index.php\/wp-json\/wp\/v2\/comments?post=250"}],"version-history":[{"count":11,"href":"https:\/\/horyzontywyobrazni.pl\/index.php\/wp-json\/wp\/v2\/pages\/250\/revisions"}],"predecessor-version":[{"id":720,"href":"https:\/\/horyzontywyobrazni.pl\/index.php\/wp-json\/wp\/v2\/pages\/250\/revisions\/720"}],"up":[{"embeddable":true,"href":"https:\/\/horyzontywyobrazni.pl\/index.php\/wp-json\/wp\/v2\/pages\/21"}],"wp:attachment":[{"href":"https:\/\/horyzontywyobrazni.pl\/index.php\/wp-json\/wp\/v2\/media?parent=250"}],"curies":[{"name":"wp","href":"https:\/\/api.w.org\/{rel}","templated":true}]}}