{"id":33,"date":"2022-04-15T11:58:00","date_gmt":"2022-04-15T09:58:00","guid":{"rendered":"https:\/\/horyzontywyobrazni.pl\/blog\/?page_id=33"},"modified":"2025-12-02T07:50:55","modified_gmt":"2025-12-02T06:50:55","slug":"domek-onas","status":"publish","type":"page","link":"https:\/\/horyzontywyobrazni.pl\/index.php\/domek\/domek-onas\/","title":{"rendered":"O nas"},"content":{"rendered":"\n<p class=\"has-tertiary-background-color has-background\">Skoro tu jeste\u015b to zapewne szukasz miejsca dla swojego dziecka i chcia\u0142by\u015b dowiedzie\u0107 si\u0119 czego\u015b wi\u0119cej.  <br><br>Zanim jednak przeczytasz o tym konkretnym projekcie \u2013 zapraszamy do zapoznania si\u0119 z tym, jakie s\u0105 nasze g\u0142\u00f3wne za\u0142o\u017cenia edukacji i co nas nap\u0119dza do dzia\u0142ania. O tym wszystkim przeczytasz <a href=\"https:\/\/horyzontywyobrazni.pl\/index.php\/aleja\/glowne-zalozenia-edukacji\/\" target=\"_blank\" rel=\"noreferrer noopener\">TUTAJ<\/a>.<\/p>\n\n\n\n<p><strong>Domek HW<\/strong> to miejsce, w kt\u00f3rym spotykamy si\u0119 w kilkunastoosobowej grupie, by wsp\u00f3lnie do\u015bwiadcza\u0107, prze\u017cywa\u0107, odkrywa\u0107. Projekt domku kszta\u0142towa\u0142 si\u0119 od kilku lat, wraz z tym jak nasze \u201epierwsze\u201d dzieci ros\u0142y i osi\u0105ga\u0142y wiek m\u0142odzie\u0144czy. Od 2020 projekt nabiera\u0142 kszta\u0142t\u00f3w i formy poprzez nasze codzienne dzia\u0142ania. Byl to czas, w kt\u00f3rym wsp\u00f3lnie szukali\u015bmy co dla nas oznacza naturalna edukacja, czym jest spo\u0142eczno\u015b\u0107 prawdziwie kszta\u0142towana przez dzieci i m\u0142odzie\u017c.\u00a0<\/p>\n\n\n\n<p>I wreszcie nadszed\u0142 czas, gdy mo\u017cemy i czujemy si\u0119 gotowi, by oficjalnie otworzy\u0107 nasze drzwi na nowe osoby.&nbsp;<\/p>\n\n\n\n<p>Spotykamy si\u0119 w grupie wiekowej 10+, trzy razy w tygodniu w godz. 9:00 &#8211; 15:30. Jest to czas warsztat\u00f3w, zaj\u0119\u0107, wsp\u00f3lnych gier, przyg\u00f3d, podr\u00f3\u017cy (r\u00f3wnie\u017c kulinarnych). Zahaczamy przy okazji o tematy zwykle kojarzone ze szko\u0142\u0105, ale nie jest to naszym priorytetem. Dzieci realizuj\u0105 obowi\u0105zek szkolny w ramach nauki pozaszkolnej, samodzielnie w domu b\u0105d\u017a za po\u015brednictwem szko\u0142y macierzystej np. <a href=\"https:\/\/szkolawchmurze.org\/\" target=\"_blank\" rel=\"noreferrer noopener\">Szko\u0142y w Chmurze.<\/a> Z nami za\u015b wsp\u00f3lnie tworz\u0105 demokratyczn\u0105 spo\u0142eczno\u015b\u0107, w kt\u00f3rej mog\u0105 rozwija\u0107 si\u0119 i nabywa\u0107 nowych kompetencji (edukacyjnych, spo\u0142ecznych, umiej\u0119tno\u015bci praktycznych).\u00a0<\/p>\n\n\n\n<div class=\"wp-block-columns is-layout-flex wp-container-core-columns-is-layout-28f84493 wp-block-columns-is-layout-flex\">\n<div class=\"wp-block-column is-layout-flow wp-block-column-is-layout-flow\">\n<figure class=\"wp-block-image size-full is-resized\"><img loading=\"lazy\" decoding=\"async\" width=\"720\" height=\"960\" src=\"http:\/\/horyzontywyobrazni.pl\/blog\/wp-content\/uploads\/2022\/04\/IMG_5540.jpg\" alt=\"\" class=\"wp-image-355\" style=\"width:313px;height:416px\" srcset=\"https:\/\/horyzontywyobrazni.pl\/wp-content\/uploads\/2022\/04\/IMG_5540.jpg 720w, https:\/\/horyzontywyobrazni.pl\/wp-content\/uploads\/2022\/04\/IMG_5540-225x300.jpg 225w\" sizes=\"auto, (max-width: 720px) 100vw, 720px\" \/><\/figure>\n<\/div>\n\n\n\n<div class=\"wp-block-column is-layout-flow wp-block-column-is-layout-flow\">\n<p><br><br><br>Tworzymy przestrze\u0144 na to, by w grupie do\u015bwiadcza\u0107 r\u00f3\u017cnych rzeczy, poznawa\u0107 swoje mocne i s\u0142absze strony, odkrywa\u0107 razem z innymi swoje zainteresowania oraz porusza\u0107 si\u0119 w obszarze najbli\u017cszego rozwoju.<\/p>\n<\/div>\n<\/div>\n\n\n\n<p>Ch\u0119tnie wychodzimy i korzystamy z tego, co oferuje nam miasto (wyk\u0142ady, warsztaty, otoczenie), ch\u0119tnie zapraszamy do siebie r\u00f3\u017cnych ludzi. Bywa, \u017ce nasz dzie\u0144 wype\u0142niony jest zaj\u0119ciami a innym razem sp\u0119dzamy czas je\u017cd\u017c\u0105c rowerami wzd\u0142u\u017c rzeki i szukaj\u0105c miejsca na ognisko. <\/p>\n\n\n\n<div class=\"wp-block-columns is-layout-flex wp-container-core-columns-is-layout-28f84493 wp-block-columns-is-layout-flex\">\n<div class=\"wp-block-column is-layout-flow wp-block-column-is-layout-flow\">\n<p><br>Lubimy wsp\u00f3lnie czyta\u0107, lubimy wsp\u00f3lnie piec i gotowa\u0107, lubimy rozmawia\u0107 i zastanawia\u0107 si\u0119 nad przer\u00f3\u017cnymi tematami: od mangi po kryptowaluty.<\/p>\n<\/div>\n\n\n\n<div class=\"wp-block-column is-layout-flow wp-block-column-is-layout-flow\">\n<figure class=\"wp-block-image size-full is-resized\"><img loading=\"lazy\" decoding=\"async\" width=\"750\" height=\"563\" src=\"https:\/\/horyzontywyobrazni.pl\/blog\/wp-content\/uploads\/2022\/04\/IMG_5541.jpg\" alt=\"\" class=\"wp-image-358\" style=\"width:422px;height:315px\" srcset=\"https:\/\/horyzontywyobrazni.pl\/wp-content\/uploads\/2022\/04\/IMG_5541.jpg 750w, https:\/\/horyzontywyobrazni.pl\/wp-content\/uploads\/2022\/04\/IMG_5541-300x225.jpg 300w\" sizes=\"auto, (max-width: 750px) 100vw, 750px\" \/><\/figure>\n<\/div>\n<\/div>\n\n\n\n<p>W domku towarzysz\u0105 nam aktywno\u015bci zwi\u0105zane np. z edukacj\u0105 polonistyczn\u0105 czy matematyczn\u0105, jak r\u00f3wnie\u017c aktywno\u015bci zwi\u0105zane z szyciem, filcowaniem, projektowaniem. Dbamy wsp\u00f3lnie o nasz\u0105 przestrze\u0144 w \u015brodku i na ogrodzie. Nie straszna nam praca sekatorami, ani mycie toalet \ud83d\ude42 <br><br><\/p>\n\n\n\n<figure class=\"wp-block-pullquote\"><blockquote><p>&#8222;Making it up as we go along&#8221;<\/p><cite>CHris Mercogliano<\/cite><\/blockquote><\/figure>\n\n\n\n<p><br><br>Nie ma czasu na nud\u0119, ale nuda te\u017c nas odwiedza. Bo wszystko co si\u0119 dzieje, jest tylko propozycj\u0105, zaproszeniem do dzia\u0142ania \u2013 ka\u017cdy jednak decyduje za siebie, co z tego wybiera. Uczymy si\u0119 przy okazji odpowiedzialno\u015bci, nie tylko za siebie ale i za grup\u0119. Sprawdzamy, kiedy nasze wybory wspieraj\u0105 nas i innych, gdzie s\u0105 nasze granice i jak spotykaj\u0105 si\u0119 one z granicami innych.<br>Nasza spo\u0142eczno\u015b\u0107 to nieustanny rozw\u00f3j, w kt\u00f3ry zaanga\u017cowany jest ka\u017cdy jej cz\u0142onek.<\/p>\n","protected":false},"excerpt":{"rendered":"<p>Skoro tu jeste\u015b to zapewne szukasz miejsca dla swojego dziecka i chcia\u0142by\u015b dowiedzie\u0107 si\u0119 czego\u015b wi\u0119cej. Zanim jednak przeczytasz o tym konkretnym projekcie \u2013 zapraszamy do zapoznania si\u0119 z tym, jakie s\u0105 nasze g\u0142\u00f3wne za\u0142o\u017cenia edukacji i co nas nap\u0119dza do dzia\u0142ania. O tym wszystkim przeczytasz TUTAJ. Domek HW to miejsce, w kt\u00f3rym spotykamy si\u0119 [&hellip;]<\/p>\n","protected":false},"author":2,"featured_media":0,"parent":24,"menu_order":0,"comment_status":"closed","ping_status":"closed","template":"","meta":{"footnotes":""},"class_list":["post-33","page","type-page","status-publish","hentry"],"_links":{"self":[{"href":"https:\/\/horyzontywyobrazni.pl\/index.php\/wp-json\/wp\/v2\/pages\/33","targetHints":{"allow":["GET"]}}],"collection":[{"href":"https:\/\/horyzontywyobrazni.pl\/index.php\/wp-json\/wp\/v2\/pages"}],"about":[{"href":"https:\/\/horyzontywyobrazni.pl\/index.php\/wp-json\/wp\/v2\/types\/page"}],"author":[{"embeddable":true,"href":"https:\/\/horyzontywyobrazni.pl\/index.php\/wp-json\/wp\/v2\/users\/2"}],"replies":[{"embeddable":true,"href":"https:\/\/horyzontywyobrazni.pl\/index.php\/wp-json\/wp\/v2\/comments?post=33"}],"version-history":[{"count":30,"href":"https:\/\/horyzontywyobrazni.pl\/index.php\/wp-json\/wp\/v2\/pages\/33\/revisions"}],"predecessor-version":[{"id":861,"href":"https:\/\/horyzontywyobrazni.pl\/index.php\/wp-json\/wp\/v2\/pages\/33\/revisions\/861"}],"up":[{"embeddable":true,"href":"https:\/\/horyzontywyobrazni.pl\/index.php\/wp-json\/wp\/v2\/pages\/24"}],"wp:attachment":[{"href":"https:\/\/horyzontywyobrazni.pl\/index.php\/wp-json\/wp\/v2\/media?parent=33"}],"curies":[{"name":"wp","href":"https:\/\/api.w.org\/{rel}","templated":true}]}}