{"id":788,"date":"2023-05-10T12:19:01","date_gmt":"2023-05-10T10:19:01","guid":{"rendered":"https:\/\/horyzontywyobrazni.pl\/?page_id=788"},"modified":"2025-03-11T10:27:41","modified_gmt":"2025-03-11T09:27:41","slug":"nabor","status":"publish","type":"page","link":"https:\/\/horyzontywyobrazni.pl\/index.php\/rekrutacja\/nabor\/","title":{"rendered":"Nab\u00f3r na kolejne lata"},"content":{"rendered":"\n<figure class=\"wp-block-image size-full\"><img loading=\"lazy\" decoding=\"async\" width=\"800\" height=\"600\" src=\"https:\/\/horyzontywyobrazni.pl\/wp-content\/uploads\/2023\/05\/345854891_690993722786258_4610670630240221356_n.jpg\" alt=\"\" class=\"wp-image-789\" srcset=\"https:\/\/horyzontywyobrazni.pl\/wp-content\/uploads\/2023\/05\/345854891_690993722786258_4610670630240221356_n.jpg 800w, https:\/\/horyzontywyobrazni.pl\/wp-content\/uploads\/2023\/05\/345854891_690993722786258_4610670630240221356_n-300x225.jpg 300w, https:\/\/horyzontywyobrazni.pl\/wp-content\/uploads\/2023\/05\/345854891_690993722786258_4610670630240221356_n-768x576.jpg 768w\" sizes=\"auto, (max-width: 800px) 100vw, 800px\" \/><\/figure>\n\n\n\n<p>NAB\u00d3R NA KOLEJNE LATA<br>Gdy u nas cicho sza, co wcale nie oznacza, \u017ce nie mo\u017cna do nas do\u0142\u0105czy\u0107\u00a0<img loading=\"lazy\" decoding=\"async\" height=\"16\" width=\"16\" src=\"https:\/\/static.xx.fbcdn.net\/images\/emoji.php\/v9\/tf6\/2\/16\/1f609.png\" alt=\"\ud83d\ude09\"><br>REKRUTACJA \u2013 s\u0142owo za kt\u00f3rym wcale nie przepadamy\u2026 bo czy\u017c do do\u0142\u0105czenia do jakiej\u015b grupy\/wsp\u00f3lnoty rekrutuje si\u0119 ludzi? Nie, i my te\u017c tak oficjalnie rekrutowa\u0107 nie chcemy. Ale mo\u017cemy si\u0119 bli\u017cej pozna\u0107, sprawdzi\u0107 na czym nam zale\u017cy i czy jest nam do siebie blisko. Ka\u017cdego roku w\u0142a\u015bnie w ten spos\u00f3b do\u0142\u0105czaj\u0105 do nas kolejne osoby. Z niecierpliwo\u015bci\u0105 wypatrujemy, kto to b\u0119dzie w tym roku.<br>Ale wr\u00f3\u0107my do pocz\u0105tk\u00f3w. Przez lata nauczyli\u015bmy si\u0119, \u017ce nie trzeba nas przedstawia\u0107. Na mapie Wroc\u0142awia go\u015bcimy ju\u017c od tylu lat, \u017ce czasem nawet dziwi nas fakt, \u017ce kto\u015b o nas nie s\u0142ysza\u0142. Ale to wcale nie z zuchwa\u0142o\u015bci a raczej z takiej oczywisto\u015bci, \u017ce przecie\u017c jeste\u015bmy. \u017be to co ma si\u0119 dzia\u0107 si\u0119 zadziewa. \u017be nasze dzieci rosn\u0105. Najstarsze w tym roku ko\u0144czy 8 klas\u0119! Kiedy to zlecia\u0142o? Pierwszy nasz rocznik ma ju\u017c ca\u0142y okres edukacji \u2013 przypadaj\u0105cy na szko\u0142\u0119 podstawow\u0105 \u2013 za sob\u0105. W mi\u0119dzy czasie wiele si\u0119 dzia\u0142o. By\u0142y wzloty i upadki. Wi\u0119ksze i mniejsze sukcesy, ale te\u017c trudno\u015bci. Techniki i metody naszych dzia\u0142a\u0144 by\u0142y zmienne, wci\u0105\u017c si\u0119 rozwijamy. Nie zmieni\u0142a si\u0119 natomiast nasza filozofia, nasze korzenie si\u0119gaj\u0105 g\u0142\u0119bi tego kim dziecko \u2013 czyli pyta\u0144 kim jest cz\u0142owiek. Podmiotowe traktowanie, z indywidualnym podej\u015bciem do ka\u017cdego, z szacunkiem i pe\u0142nym zaufaniem \u2013 to na tych warto\u015bciach stoimy i z nich nieustannie czerpiemy.\u00a0<br>Kwestie tak oczywiste, tak g\u0142\u0119boko w nas osadzone, \u017ce zapominamy, \u017ce warto o tym m\u00f3wi\u0107, by inni wiedzieli, \u017ce tak mamy. A mamy! Dla nas edukacja to ca\u0142o\u015bciowy rozw\u00f3j. Nie skupiamy si\u0119 tylko na zagadnieniach tzw. \u201eszkolnych\u201d, bo czym\u017ce by\u0142by cz\u0142owiek, kt\u00f3ry umie przelicza\u0107 niesko\u0144czone r\u00f3wnania, ale nie wie kim jest i co go uszcz\u0119\u015bliwia? Jeste\u015bmy niezmiernie wdzi\u0119czni tym, kt\u00f3rzy od pocz\u0105tku byli z nami w tej drodze, kt\u00f3rzy wraz z nami szli jakby pod pr\u0105d, wyznaczali nowe trasy, ufali i wspierali. Niekt\u00f3rzy w trakcie poszli w dalsz\u0105, wybran\u0105 przez nich drog\u0119, inni s\u0105 z nami do dzi\u015b. Ka\u017cdego roku do\u0142\u0105cza kto\u015b nowy. \u017bycie si\u0119 dzieje\u2026Nasz\u0142o nas na podsumowania, podzi\u0119kowania, ale przecie\u017c to nie koniec. A w\u0142a\u015bciwie to pocz\u0105tek:) Pocz\u0105tek nowego roku szkolnego, pocz\u0105tek nowych znajomo\u015bci, nowych smutk\u00f3w i rado\u015bci. Ka\u017cdy rok jest wyj\u0105tkowy, ale ten dla nas szczeg\u00f3lnie sentymentalny. Cz\u0119sto w my\u015blach wracamy do pocz\u0105tk\u00f3w. Kto z Was pami\u0119ta jak pe\u0142zali\u015bmy, potem raczkowali\u015bmy, uczyli\u015bmy si\u0119 chodzi\u0107, by wreszcie m\u00f3c biega\u0107 w wybranym przez nas kierunku? Z pewno\u015bci\u0105 jest wiele takich os\u00f3b. Ale jest te\u017c wiele os\u00f3b, kt\u00f3re jeszcze nas nie znaj\u0105.\u00a0<br>Czym jeste\u015bmy i czym chcieliby\u015bmy by\u0107? Co mo\u017cemy Wam zaoferowa\u0107, z czym wychodzimy na przeciw? <br>Sprawd\u017acie nasz\u0105 stron\u0119 internetow\u0105 \u2013 je\u015bli blisko Wam do takiego modelu wspierania w rozwoju Waszych dzieci to zapraszamy do kontaktu. <\/p>\n","protected":false},"excerpt":{"rendered":"<p>NAB\u00d3R NA KOLEJNE LATAGdy u nas cicho sza, co wcale nie oznacza, \u017ce nie mo\u017cna do nas do\u0142\u0105czy\u0107\u00a0REKRUTACJA \u2013 s\u0142owo za kt\u00f3rym wcale nie przepadamy\u2026 bo czy\u017c do do\u0142\u0105czenia do jakiej\u015b grupy\/wsp\u00f3lnoty rekrutuje si\u0119 ludzi? Nie, i my te\u017c tak oficjalnie rekrutowa\u0107 nie chcemy. Ale mo\u017cemy si\u0119 bli\u017cej pozna\u0107, sprawdzi\u0107 na czym nam zale\u017cy i [&hellip;]<\/p>\n","protected":false},"author":2,"featured_media":0,"parent":80,"menu_order":1,"comment_status":"closed","ping_status":"closed","template":"","meta":{"footnotes":""},"class_list":["post-788","page","type-page","status-publish","hentry"],"_links":{"self":[{"href":"https:\/\/horyzontywyobrazni.pl\/index.php\/wp-json\/wp\/v2\/pages\/788","targetHints":{"allow":["GET"]}}],"collection":[{"href":"https:\/\/horyzontywyobrazni.pl\/index.php\/wp-json\/wp\/v2\/pages"}],"about":[{"href":"https:\/\/horyzontywyobrazni.pl\/index.php\/wp-json\/wp\/v2\/types\/page"}],"author":[{"embeddable":true,"href":"https:\/\/horyzontywyobrazni.pl\/index.php\/wp-json\/wp\/v2\/users\/2"}],"replies":[{"embeddable":true,"href":"https:\/\/horyzontywyobrazni.pl\/index.php\/wp-json\/wp\/v2\/comments?post=788"}],"version-history":[{"count":3,"href":"https:\/\/horyzontywyobrazni.pl\/index.php\/wp-json\/wp\/v2\/pages\/788\/revisions"}],"predecessor-version":[{"id":829,"href":"https:\/\/horyzontywyobrazni.pl\/index.php\/wp-json\/wp\/v2\/pages\/788\/revisions\/829"}],"up":[{"embeddable":true,"href":"https:\/\/horyzontywyobrazni.pl\/index.php\/wp-json\/wp\/v2\/pages\/80"}],"wp:attachment":[{"href":"https:\/\/horyzontywyobrazni.pl\/index.php\/wp-json\/wp\/v2\/media?parent=788"}],"curies":[{"name":"wp","href":"https:\/\/api.w.org\/{rel}","templated":true}]}}

Nabór na kolejne lata

<figure class="wp-block-image size-full"><img loading="lazy" decoding="async" width="800" height="600" src="https://horyzontywyobrazni.pl/wp-content/uploads/2023/05/345854891_690993722786258_4610670630240221356_n.jpg" alt="" class="wp-image-789" srcset="https://horyzontywyobrazni.pl/wp-content/uploads/2023/05/345854891_690993722786258_4610670630240221356_n.jpg 800w, https://horyzontywyobrazni.pl/wp-content/uploads/2023/05/345854891_690993722786258_4610670630240221356_n-300x225.jpg 300w, https://horyzontywyobrazni.pl/wp-content/uploads/2023/05/345854891_690993722786258_4610670630240221356_n-768x576.jpg 768w" sizes="auto, (max-width: 800px) 100vw, 800px" /></figure>



<p>NABÓR NA KOLEJNE LATA<br>Gdy u nas cicho sza, co wcale nie oznacza, że nie można do nas dołączyć <img loading="lazy" decoding="async" height="16" width="16" src="https://static.xx.fbcdn.net/images/emoji.php/v9/tf6/2/16/1f609.png" alt="😉"><br>REKRUTACJA – słowo za którym wcale nie przepadamy… bo czyż do dołączenia do jakiejś grupy/wspólnoty rekrutuje się ludzi? Nie, i my też tak oficjalnie rekrutować nie chcemy. Ale możemy się bliżej poznać, sprawdzić na czym nam zależy i czy jest nam do siebie blisko. Każdego roku właśnie w ten sposób dołączają do nas kolejne osoby. Z niecierpliwością wypatrujemy, kto to będzie w tym roku.<br>Ale wróćmy do początków. Przez lata nauczyliśmy się, że nie trzeba nas przedstawiać. Na mapie Wrocławia gościmy już od tylu lat, że czasem nawet dziwi nas fakt, że ktoś o nas nie słyszał. Ale to wcale nie z zuchwałości a raczej z takiej oczywistości, że przecież jesteśmy. Że to co ma się dziać się zadziewa. Że nasze dzieci rosną. Najstarsze w tym roku kończy 8 klasę! Kiedy to zleciało? Pierwszy nasz rocznik ma już cały okres edukacji – przypadający na szkołę podstawową – za sobą. W między czasie wiele się działo. Były wzloty i upadki. Większe i mniejsze sukcesy, ale też trudności. Techniki i metody naszych działań były zmienne, wciąż się rozwijamy. Nie zmieniła się natomiast nasza filozofia, nasze korzenie sięgają głębi tego kim dziecko – czyli pytań kim jest człowiek. Podmiotowe traktowanie, z indywidualnym podejściem do każdego, z szacunkiem i pełnym zaufaniem – to na tych wartościach stoimy i z nich nieustannie czerpiemy. <br>Kwestie tak oczywiste, tak głęboko w nas osadzone, że zapominamy, że warto o tym mówić, by inni wiedzieli, że tak mamy. A mamy! Dla nas edukacja to całościowy rozwój. Nie skupiamy się tylko na zagadnieniach tzw. „szkolnych”, bo czymże byłby człowiek, który umie przeliczać nieskończone równania, ale nie wie kim jest i co go uszczęśliwia? Jesteśmy niezmiernie wdzięczni tym, którzy od początku byli z nami w tej drodze, którzy wraz z nami szli jakby pod prąd, wyznaczali nowe trasy, ufali i wspierali. Niektórzy w trakcie poszli w dalszą, wybraną przez nich drogę, inni są z nami do dziś. Każdego roku dołącza ktoś nowy. Życie się dzieje…Naszło nas na podsumowania, podziękowania, ale przecież to nie koniec. A właściwie to początek:) Początek nowego roku szkolnego, początek nowych znajomości, nowych smutków i radości. Każdy rok jest wyjątkowy, ale ten dla nas szczególnie sentymentalny. Często w myślach wracamy do początków. Kto z Was pamięta jak pełzaliśmy, potem raczkowaliśmy, uczyliśmy się chodzić, by wreszcie móc biegać w wybranym przez nas kierunku? Z pewnością jest wiele takich osób. Ale jest też wiele osób, które jeszcze nas nie znają. <br>Czym jesteśmy i czym chcielibyśmy być? Co możemy Wam zaoferować, z czym wychodzimy na przeciw? <br>Sprawdźcie naszą stronę internetową – jeśli blisko Wam do takiego modelu wspierania w rozwoju Waszych dzieci to zapraszamy do kontaktu. </p>

<p>NABÓR NA KOLEJNE LATAGdy u nas cicho sza, co wcale nie oznacza, że nie można do nas dołączyć REKRUTACJA – słowo za którym wcale nie przepadamy… bo czyż do dołączenia do jakiejś grupy/wspólnoty rekrutuje się ludzi? Nie, i my też tak oficjalnie rekrutować nie chcemy. Ale możemy się bliżej poznać, sprawdzić na czym nam zależy i [&hellip;]</p>
