{"id":88,"date":"2022-04-20T10:29:26","date_gmt":"2022-04-20T10:29:26","guid":{"rendered":"https:\/\/horyzontywyobrazni.pl\/blog\/?page_id=88"},"modified":"2026-03-25T20:48:41","modified_gmt":"2026-03-25T19:48:41","slug":"oplaty","status":"publish","type":"page","link":"https:\/\/horyzontywyobrazni.pl\/index.php\/edukacja-domowa\/oplaty\/","title":{"rendered":"Op\u0142aty"},"content":{"rendered":"\n<p><\/p>\n\n\n\n<p class=\"has-tertiary-background-color has-background\">\u2022 Op\u0142ata roczna jest p\u0142atna w 12 miesi\u0119cznych ratach: <br>w miesi\u0105cach wrzesie\u0144 2026 \u2013 czerwiec 2027 wynosi\u00a0<strong>1760\u00a0<\/strong>z\u0142, <br>natomiast w miesi\u0105cach wakacyjnych, lipiec \u2013 sierpie\u0144, wynosi\u00a0<strong>880\u00a0<\/strong>z\u0142.<br><br>\u2022 Jednorazowa op\u0142ata rekrutacyjna <strong>1500 <\/strong>z\u0142<br><\/p>\n\n\n\n<p>Wy\u017cywienie:<\/p>\n\n\n\n<p>Obiady (zupa i drugie danie) mo\u017cna wykupi\u0107 we wsp\u00f3\u0142pracuj\u0105cej z nami od lat firmie cateringowej <a href=\"https:\/\/pl-pl.facebook.com\/czarnetermosy\/\" target=\"_blank\" rel=\"noreferrer noopener\">Czarne Termosy<\/a>, specjalizuj\u0105cej si\u0119 w zdrowym \u017cywieniu.  Istnieje mo\u017cliwo\u015b\u0107 zam\u00f3wienia posi\u0142k\u00f3w z uwzgl\u0119dnieniem diet: wegetaria\u0144skiej, bezmlecznej i bezglutenowej.<\/p>\n\n\n\n<p class=\"has-foreground-color has-text-color\">\u015aniadania i podwieczorki dzieci przynosz\u0105 we w\u0142asnym zakresie. <br><\/p>\n","protected":false},"excerpt":{"rendered":"<p>\u2022 Op\u0142ata roczna jest p\u0142atna w 12 miesi\u0119cznych ratach: w miesi\u0105cach wrzesie\u0144 2026 \u2013 czerwiec 2027 wynosi\u00a01760\u00a0z\u0142, natomiast w miesi\u0105cach wakacyjnych, lipiec \u2013 sierpie\u0144, wynosi\u00a0880\u00a0z\u0142. \u2022 Jednorazowa op\u0142ata rekrutacyjna 1500 z\u0142 Wy\u017cywienie: Obiady (zupa i drugie danie) mo\u017cna wykupi\u0107 we wsp\u00f3\u0142pracuj\u0105cej z nami od lat firmie cateringowej Czarne Termosy, specjalizuj\u0105cej si\u0119 w zdrowym \u017cywieniu. Istnieje [&hellip;]<\/p>\n","protected":false},"author":2,"featured_media":0,"parent":21,"menu_order":4,"comment_status":"closed","ping_status":"closed","template":"","meta":{"footnotes":""},"class_list":["post-88","page","type-page","status-publish","hentry"],"_links":{"self":[{"href":"https:\/\/horyzontywyobrazni.pl\/index.php\/wp-json\/wp\/v2\/pages\/88","targetHints":{"allow":["GET"]}}],"collection":[{"href":"https:\/\/horyzontywyobrazni.pl\/index.php\/wp-json\/wp\/v2\/pages"}],"about":[{"href":"https:\/\/horyzontywyobrazni.pl\/index.php\/wp-json\/wp\/v2\/types\/page"}],"author":[{"embeddable":true,"href":"https:\/\/horyzontywyobrazni.pl\/index.php\/wp-json\/wp\/v2\/users\/2"}],"replies":[{"embeddable":true,"href":"https:\/\/horyzontywyobrazni.pl\/index.php\/wp-json\/wp\/v2\/comments?post=88"}],"version-history":[{"count":11,"href":"https:\/\/horyzontywyobrazni.pl\/index.php\/wp-json\/wp\/v2\/pages\/88\/revisions"}],"predecessor-version":[{"id":873,"href":"https:\/\/horyzontywyobrazni.pl\/index.php\/wp-json\/wp\/v2\/pages\/88\/revisions\/873"}],"up":[{"embeddable":true,"href":"https:\/\/horyzontywyobrazni.pl\/index.php\/wp-json\/wp\/v2\/pages\/21"}],"wp:attachment":[{"href":"https:\/\/horyzontywyobrazni.pl\/index.php\/wp-json\/wp\/v2\/media?parent=88"}],"curies":[{"name":"wp","href":"https:\/\/api.w.org\/{rel}","templated":true}]}}